/(2/b) a prime number?
False
Let a(d) be the third derivative of d**6/120 - d**5/10 + 3*d**4/8 - d**3/2 - 2*d**2. Let j be (-5)/((-10)/(-12))*-1. Is a(j) composite?
True
Is 2/(-10) - (5 - (-42564)/(-20)) a prime number?
False
Let l(u) = -107*u + 13. Is l(-6) a composite number?
True
Is (-7)/28 - 189/(-4) a prime number?
True
Let d(u) = -4*u**3 - 2*u**2 + 4*u + 3. Is d(-4) a prime number?
True
Let i(b) = b**2 - 6*b - 5. Let x be i(6). Let l(p) = -8*p - 5. Is l(x) prime?
False
Let i(g) be the third derivative of g**5/30 - g**4/4 + 5*g**3/6 - g**2. Is i(4) a composite number?
False
Suppose -5*v = 2*h - 4395, -h = -3*v + 5*v - 1759. Is v a prime number?
True
Let z = -1 - -6. Suppose -2*l - 6 = g, -z*l + 31 + 74 = -5*g. Let y = g + 27. Is y composite?
False
Suppose 4*p - 3*p = 47. Is p composite?
False
Suppose 0 = -11*j + 1514 + 3095. Is j composite?
False
Let t be (-5)/2*8/(-5). Suppose 317 = t*k - 203. Let n = k - 53. Is n composite?
True
Let x be 8 - (0 + 1 - -1). Suppose -2*v = -v - x. Suppose v = 2*t - 20. Is t prime?
True
Suppose -v = -5*h + 32948, -8*v = -5*h - 3*v + 32960. Is h a composite number?
True
Let w = 19 + -37. Let b be 4/w - (-4)/18. Is 15 - b/(-1 + -1) composite?
True
Let p = 86 + -47. Is p a composite number?
True
Suppose -2*b = 3*q - 1091 + 430, -3*q = 4*b - 653. Is q a prime number?
True
Suppose 0 = 2*h - w - 89, -w + 4*w = 15. Is h a composite number?
False
Let a(c) = -7*c**2 - 2*c + 3. Let t be a(3). Let p = -7 - t. Is p a prime number?
True
Let z be (-7)/2*(-16)/14. Suppose 819 = 2*u - a, -z*a + 405 = u - 0*a. Is u composite?
False
Let n = 5 + -5. Suppose r - 3*c + 2*c - 18 = n, -57 = -3*r + 4*c. Is r a composite number?
True
Is (259/5 + -1)*95/38 composite?
False
Let u(x) = x**2 + 6*x - 10. Let b be u(-8). Let t(q) = 21*q + 6. Let d be t(b). Let r = d + -85. Is r composite?
False
Let k(o) = 2*o**3 - 3*o**2 - 8*o + 1. Is k(6) prime?
True
Let a(g) = 22*g**2 - 3*g. Suppose -5*j - 20 = -c, -5*j = -c + 2*c + 10. Is a(c) composite?
True
Let t(u) = u**3 + u**2 - u + 741. Let k be t(0). Let b = k + -206. Is b composite?
True
Let o be 2/(16/28)*2. Let c(y) = -y**2 + 14*y + 2. Is c(o) a prime number?
False
Suppose 1 + 1 = -u. Let h be 93/(-1 + u) + -2. Let x = 2 - h. Is x prime?
False
Suppose -49 + 1269 = 4*b. Is b prime?
False
Suppose 0 = 4*f + 4668 - 12240. Is f prime?
False
Suppose -2*z - 1872 = -3*c, -4*z = -c - 7*z + 613. Is c composite?
True
Let j = 24 - 17. Suppose -5*v + 6 = 2*y, 4*v + j*y - 2*y = -2. Is 13/v*2 - 2 a prime number?
True
Suppose 0 = 22*d - 23*d - 9. Is (-988)/(-3) + 3/d composite?
True
Let k(x) = -142*x + 10. Let p be k(-7). Suppose 0 = -0*o - 4*o + p. Is o a composite number?
False
Let y = 4 + 1. Let z = y - 2. Suppose z*t - 264 = -6*q + 3*q, 490 = 5*t - 5*q. Is t a prime number?
False
Is (-20)/(-35) - 31310/(-14) a composite number?
False
Suppose -2 = 4*w + 2*h + 2, 5*h = 0. Let m be (w/3)/(3/9). Is (m + 30/4)*10 prime?
False
Suppose 19*i - 24*i = -2345. Is i a composite number?
True
Let y = 1 + -2. Is (59 - 0)*(0 - y) a prime number?
True
Suppose 5*n - o + 80 = -0*n, 5*n + 80 = 2*o. Let r be 2/(-7) - 1212/(-28). Let j = r - n. Is j prime?
True
Let j = 35 - 95. Let l = 29 - j. Is l a prime number?
True
Let d(b) = b - 1. Let p be d(1). Suppose p = 4*j + 65 - 1069. Is j composite?
False
Let f be (-1 - -2)*-1*1. Let j be (6/4)/(f/(-2)). Suppose 2*q + 31 = j*q. Is q a composite number?
False
Suppose -p = -q - 588, 3*p - 2*q = 2*p + 593. Is p composite?
True
Suppose -719 = -9*o + 8*o. Is o a composite number?
False
Let a be (-2)/3 + (-8)/(-12). Suppose -5*w + 5*g = -w - 198, 4*w - 4*g - 200 = a. Suppose -3*z + 41 = -w. Is z a prime number?
True
Let b(s) = s**3 + 9*s**2 + 10*s + 2. Let m be b(-8). Let l be (-2)/4 - m/4. Suppose l*y = 23 + 22. Is y prime?
False
Suppose -7855 = -4*v - 3*q - 1455, 2*q = 8. Is v prime?
True
Let o be (-3)/((-3)/(-2))*2. Let u(l) = -65*l - 7. Is u(o) a composite number?
True
Let p(x) = 178*x - 23. Is p(13) composite?
True
Let l = 1 - -2. Suppose -4*x - 4 = 0, 43 + 90 = 5*a - l*x. Let q = a + -16. Is q prime?
False
Let s(y) = y**3 + 7*y**2 + 4*y - 7. Let b be s(-6). Suppose -4*z + 442 = 2*t, 0 = -b*z - 4*t + 16 + 541. Is z a prime number?
True
Let a = 90 - -57. Suppose -3*d = -6*d + a. Is d composite?
True
Is 4 - (1 - (2 - -201)) a prime number?
False
Let t(f) = 13*f**2 - 3. Let i be t(2). Suppose 132 = -4*p + 4*y, -p + 5*y - 10 = 35. Let o = i + p. Is o prime?
True
Let w be 1*2 + 0 + 248. Let y = w + -176. Let s = -19 + y. Is s composite?
True
Let w = 2579 + -1260. Is w composite?
False
Suppose -4*c + 15*c - 20438 = 0. Is c prime?
False
Suppose -5*m - 27469 = -4*s, 0 = 5*s - 5*m - 5685 - 28645. Is s a prime number?
False
Let c(x) = -x**3 + 4*x**2 + 5*x + 7. Let a be c(5). Suppose 2*i - 6 = -4*d, -2*d + a*d = 2*i - 15. Let b(t) = 24*t**2 + t. Is b(d) a composite number?
False
Suppose 4*w = 6*x - x - 273, -5*x = 3*w - 259. Is x composite?
False
Suppose -21*n - 1588 = -25*n. Is n a composite number?
False
Let j = 9 + -4. Let z = j - 10. Let a(m) = -m**3 - m**2 + 2*m - 1. Is a(z) a composite number?
False
Suppose -3*c = -4*n - 774, 3*c + n - 1241 = -482. Is c composite?
True
Is 3 - (10028/(-4) - -3) composite?
True
Let n = 9 - -74. Is n a prime number?
True
Let u = -7 + 4. Let j(l) = 5*l + 2*l**2 - 6*l - 4 + 4*l**2. Is j(u) a prime number?
True
Let a(d) be the third derivative of d**6/40 - d**5/15 + 2*d**3/3 + d**2. Is a(3) composite?
True
Let a be 2/(-3)*(-9 + 6). Let g(j) = -2*j**2 + 37 - j + j**2 + 0*j**a. Is g(0) a composite number?
False
Let q = -1 - -3. Suppose -3*s - d + 1058 = q*s, -2*s = -2*d - 416. Is s prime?
True
Let v be ((-1 - 0)*-4)/2. Suppose 0 = -v*g - 0*g - 740. Is (-2 + g/6)*-3 a prime number?
True
Suppose -4*j = -9 + 25. Let f(w) = 6*w**2 + w - 5. Is f(j) prime?
False
Suppose 3*f - 3*i + 18 = 0, -3*f + f - i - 24 = 0. Let v = 2 + f. Let h = 3 - v. Is h composite?
False
Is 9209/8 + (30/48)/(-5) a prime number?
True
Let h = -832 + 69. Let t = h - -1094. Is t prime?
True
Let c = 327 - 182. Is c a prime number?
False
Let u = 6 + -18. Let o = u - -27. Is o a prime number?
False
Let u(w) = -2*w**2 - 6*w + 5. Let b(f) = -f + 10. Let z be b(6). Let v be u(z). Let p = 74 + v. Is p composite?
False
Let a(u) = 1 - 2*u + 6*u**2 - 6*u + 2*u + u - u**3. Let i be a(5). Is i + -1 + 1*10 a prime number?
False
Suppose -42 + 2 = -3*h - 4*w, 0 = 5*w + 25. Suppose -3*k + h = k. Suppose 2*p - p - 7 = -2*z, 2*z - 1 = k*p. Is z a prime number?
True
Suppose -1 = -3*i + 4*g, 3*i + 2*g + 23 = -0*g. Let b(j) = -187*j + 2. Let t(u) = -374*u + 3. Let r(v) = i*b(v) + 3*t(v). Is r(-2) a composite number?
False
Suppose 0 = 5*a - 16 - 4. Is (-1266)/a*(-2)/3 composite?
False
Let x be 6 - 0/(-1) - 0. Let i be (1 + -2)/(1/x). Let m(t) = -10*t - 3. Is m(i) a composite number?
True
Let y be 1/2 + (-5)/(-2). Let v be (-100)/(-10)*(-42)/(-4). Suppose -6*c + v = -y*c. Is c a prime number?
False
Let m(c) be the second derivative of -c**5/10 - 5*c**4/12 - c**3 - 3*c**2/2 - 7*c. Is m(-4) prime?
False
Suppose -5*a = -2*p + 2897, 6*a - 4*a = -2*p + 2904. Is p composite?
False
Suppose 5*q = -3*y + 115, 0*q + 4*y = q. Let u be 355/q + (-1)/(-4). Suppose -k = -r - 0 - u, 3*k + r - 58 = 0. Is k a composite number?
False
Suppose 2*x + 3*z + 0*z + 13 = 0, -5*z = -3*x + 9. Let f = x + 23. Let m = -8 + f. Is m prime?
True
Suppose 0 = 4*u - 8*u - 2*s + 26, -3*u - 3*s = -27. Suppose -5*r - 551 = -u*f, -3*r = -4*f + 276 + 269. Is f a composite number?
True
Let d(r) = 2*r**3 - 2*r**2 + 5*r + 4. Let v be d(5). Let x = -44 + v. Is x a composite number?
True
Let r(b) = 7*b - 13. Let t(l) = 7*l - 14. Let n(m) = 5*r(m) - 4*t(m). Let p be n(6). Suppose 39 = 5*x - 2*f, 5*x - 4*f + 0*f = p. Is x a prime number?
False
Let m be ((-8)/(-6))/2*-6. Let p(c) = -34*c + 2. Let u be p(m). Let g = u - 89. Is g prime?
False
Let h(b) = -8*b - 1. Let u = -5 + 2. Let t be h(u). Is 1 + -1 + t/1 composite?
False
Suppose 0*l + 3*l = 609. Suppose -16 = -4*g, 9*o + 3*g = 4*o + 42. Is (-4)/o + l/3 a prime number?
True
Suppose 0 = -2*z + 4*z + 18. Let a be 5 - z/(-3) - -1. Suppose 113 = -w + 3*w + 3*k, -4*w + a*k = -235. Is w composite?
True
Let n be (-1)/2*-4 + -2. Suppose -4*f + 400 + 196 = n. Is f a prime number?
True
Let v = -257 + 488. Let d be (v